13, 67
List the prime factors of 16654.
2, 11, 757
What are the prime factors of 10499?
10499
List the prime factors of 4291.
7, 613
List the prime factors of 1253.
7, 179
What are the prime factors of 1732?
2, 433
What are the prime factors of 669?
3, 223
List the prime factors of 2088.
2, 3, 29
List the prime factors of 297.
3, 11
What are the prime factors of 4552?
2, 569
What are the prime factors of 48?
2, 3
List the prime factors of 11110.
2, 5, 11, 101
List the prime factors of 1313.
13, 101
List the prime factors of 3309.
3, 1103
List the prime factors of 14279.
109, 131
List the prime factors of 111422.
2, 55711
List the prime factors of 15391.
15391
What are the prime factors of 224?
2, 7
What are the prime factors of 9322?
2, 59, 79
What are the prime factors of 173004?
2, 3, 13, 1109
List the prime factors of 22670.
2, 5, 2267
List the prime factors of 23107.
7, 3301
What are the prime factors of 5364?
2, 3, 149
What are the prime factors of 654?
2, 3, 109
List the prime factors of 635.
5, 127
What are the prime factors of 17034?
2, 3, 17, 167
What are the prime factors of 3149?
47, 67
What are the prime factors of 45338?
2, 22669
List the prime factors of 88348.
2, 13, 1699
What are the prime factors of 8982?
2, 3, 499
What are the prime factors of 10554?
2, 3, 1759
List the prime factors of 6980.
2, 5, 349
List the prime factors of 4428.
2, 3, 41
What are the prime factors of 630?
2, 3, 5, 7
List the prime factors of 600.
2, 3, 5
List the prime factors of 40541.
71, 571
What are the prime factors of 717?
3, 239
What are the prime factors of 49099?
37, 1327
List the prime factors of 2507.
23, 109
List the prime factors of 895.
5, 179
What are the prime factors of 1584?
2, 3, 11
What are the prime factors of 1120?
2, 5, 7
List the prime factors of 15553.
103, 151
List the prime factors of 2242.
2, 19, 59
List the prime factors of 1708.
2, 7, 61
List the prime factors of 410.
2, 5, 41
What are the prime factors of 150720?
2, 3, 5, 157
What are the prime factors of 3242?
2, 1621
What are the prime factors of 4508?
2, 7, 23
List the prime factors of 23533.
101, 233
List the prime factors of 3482.
2, 1741
What are the prime factors of 479?
479
What are the prime factors of 30397?
113, 269
What are the prime factors of 55533?
3, 107, 173
What are the prime factors of 13440?
2, 3, 5, 7
What are the prime factors of 32672?
2, 1021
What are the prime factors of 278?
2, 139
What are the prime factors of 3273?
3, 1091
What are the prime factors of 4758?
2, 3, 13, 61
What are the prime factors of 113257?
37, 3061
What are the prime factors of 25442?
2, 12721
List the prime factors of 3480.
2, 3, 5, 29
What are the prime factors of 15111?
3, 23, 73
List the prime factors of 139211.
73, 1907
What are the prime factors of 25279?
17, 1487
List the prime factors of 25216.
2, 197
List the prime factors of 79530.
2, 3, 5, 11, 241
What are the prime factors of 2007?
3, 223
List the prime factors of 1036.
2, 7, 37
What are the prime factors of 13262?
2, 19, 349
What are the prime factors of 44934?
2, 3, 7489
What are the prime factors of 34292?
2, 8573
List the prime factors of 24911.
29, 859
What are the prime factors of 88?
2, 11
What are the prime factors of 18858?
2, 3, 7, 449
What are the prime factors of 4874?
2, 2437
What are the prime factors of 37302?
2, 3, 6217
What are the prime factors of 2234?
2, 1117
List the prime factors of 7020.
2, 3, 5, 13
List the prime factors of 249.
3, 83
List the prime factors of 24170.
2, 5, 2417
List the prime factors of 596.
2, 149
List the prime factors of 77809.
17, 23, 199
What are the prime factors of 489?
3, 163
What are the prime factors of 40703?
13, 31, 101
What are the prime factors of 1571?
1571
List the prime factors of 1595.
5, 11, 29
List the prime factors of 1624.
2, 7, 29
List the prime factors of 29698.
2, 31, 479
What are the prime factors of 6510?
2, 3, 5, 7, 31
What are the prime factors of 107?
107
List the prime factors of 1704.
2, 3, 71
What are the prime factors of 3650?
2, 5, 73
What are the prime factors of 47623?
47623
What are the prime factors of 57956?
2, 14489
What are the prime factors of 475?
5, 19
List the prime factors of 69982.
2, 11, 3181
List the prime factors of 3447.
3, 383
List the prime factors of 709.
709
What are the prime factors of 4343?
43, 101
List the prime factors of 27328.
2, 7, 61
List the prime factors of 99557.
29, 3433
What are the prime factors of 81533?
81533
What are the prime factors of 145?
5, 29
What are the prime factors of 374?
2, 11, 17
What are the prime factors of 1983?
3, 661
List the prime factors of 166724.
2, 41681
What are the prime factors of 2212?
2, 7, 79
What are the prime factors of 6753?
3, 2251
List the prime factors of 33064.
2, 4133
List the prime factors of 4029.
3, 17, 79
What are the prime factors of 150348?
2, 3, 11, 17, 67
What are the prime factors of 8118?
2, 3, 11, 41
What are the prime factors of 13980?
2, 3, 5, 233
What are the prime factors of 11753?
7, 23, 73
List the prime factors of 2673.
3, 11
List the prime factors of 36436.
2, 9109
List the prime factors of 3663.
3, 11, 37
What are the prime factors of 33628?
2, 7, 1201
What are the prime factors of 88?
2, 11
List the prime factors of 4418.
2, 47
What are the prime factors of 39795?
3, 5, 7, 379
What are the prime factors of 934?
2, 467
What are the prime factors of 24348?
2, 3, 2029
What are the prime factors of 5692?
2, 1423
List the prime factors of 5334.
2, 3, 7, 127
What are the prime factors of 5369?
7, 13, 59
What are the prime factors of 1687?
7, 241
List the prime factors of 68966.
2, 34483
What are the prime factors of 234?
2, 3, 13
What are the prime factors of 19653?
3, 6551
What are the prime factors of 45052?
2, 7, 1609
What are the prime factors of 47471?
37, 1283
List the prime factors of 151510.
2, 5, 109, 139
What are the prime factors of 29863?
29863
What are the prime factors of 286?
2, 11, 13
What are the prime factors of 22286?
2, 11, 1013
List the prime factors of 16641.
3, 43
List the prime factors of 10476.
2, 3, 97
List the prime factors of 23160.
2, 3, 5, 193
List the prime factors of 8496.
2, 3, 59
What are the prime factors of 34236?
2, 3, 317
List the prime factors of 410.
2, 5, 41
What are the prime factors of 9164?
2, 29, 79
List the prime factors of 8157.
3, 2719
List the prime factors of 2687.
2687
List the prime factors of 11254.
2, 17, 331
List the prime factors of 44208.
2, 3, 307
What are the prime factors of 1049?
1049
List the prime factors of 7027.
7027
List the prime factors of 35715.
3, 5, 2381
What are the prime factors of 1791?
3, 199
List the prime factors of 19208.
2, 7
List the prime factors of 9595.
5, 19, 101
List the prime factors of 68809.
13, 67, 79
List the prime factors of 1082.
2, 541
What are the prime factors of 420?
2, 3, 5, 7
What are the prime factors of 7127?
7127
List the prime factors of 767.
13, 59
List the prime factors of 237.
3, 79
List the prime factors of 4743.
3, 17, 31
List the prime factors of 3135.
3, 5, 11, 19
List the prime factors of 5922.
2, 3, 7, 47
List the prime factors of 992.
2, 31
What are the prime factors of 38071?
11, 3461
What are the prime factors of 476?
2, 7, 17
List the prime factors of 2366.
2, 7, 13
What are the prime factors of 2029?
2029
What are the prime factors of 13974?
2, 3, 17, 137
What are the prime factors of 710?
2, 5, 71
What are the prime factors of 63375?
3, 5, 13
List the prime factors of 39234.
2, 3, 13, 503
What are the prime factors of 5084?
2, 31, 41
What are the prime factors of 31181?
31181
List the prime factors of 11894.
2, 19, 313
List the prime factors of 4032.
2, 3, 7
What are the prime factors of 5422?
2, 2711
List the prime factors of 45919.
47, 977
What are the prime factors of 100183?
100183
List the prime factors of 449.
449
List the prime factors of 2152.
2, 269
What are the prime factors of 1291?
1291
What are the prime factors of 2212?
2, 7, 79
List the prime factors of 820.
2, 5, 41
List the prime factors of 23428.
2, 5857
List the prime factors of 11219.
13, 863
List the prime factors of 5405.
5, 23, 47
What are the prime factors of 1411?
17, 83
List the prime factors of 36569.
13, 29, 97
What are the prime factors of 708?
2, 3, 59
